99
Let y(x) = 32*x**3 - 8*x**2 - 47*x + 82. Determine y(2).
212
Let t(k) = k**3 - 25*k**2 + 41*k - 297. What is t(22)?
-847
Let m(x) = -1372*x**2 - 15231*x - 1525. Determine m(-11).
4
Let z(j) = -6*j**2 - 463*j + 1435. Determine z(-80).
75
Let z(j) = j**3 + 2325*j**2 - 6981*j - 24. Calculate z(3).
-15
Let t(u) = 385*u - 13873. What is t(36)?
-13
Let l(r) = -19*r**2 - 3915*r + 896. Determine l(-206).
1102
Let j(d) = -13305*d + 226540. What is j(17)?
355
Let o(c) = -c**3 + 5*c**2 - 7733*c - 3. What is o(0)?
-3
Let p(m) = 5*m**2 - 1779*m + 15559. Determine p(9).
-47
Let u(i) = i**2 - 254*i + 8004. Give u(37).
-25
Let b(w) = -11*w**3 - 1363*w**2 + 125*w + 109. Give b(-124).
-15
Let l(m) = 23*m**2 + 7292*m + 254878. What is l(-40)?
-2
Let p(m) = -4*m**3 + 1403*m**2 + 323*m + 9856. Calculate p(351).
28
Let j(a) = -1091*a + 11891. What is j(11)?
-110
Let z(c) = -4809*c + 4809. What is z(0)?
4809
Let r(q) = 28*q**2 + 653*q - 1173. Determine r(-25).
2
Let c(a) = 797*a + 49427. What is c(-62)?
13
Let y(p) = -12*p**2 - 87*p - 438. Give y(-9).
-627
Let z(b) = -3*b**2 - 246*b - 182. What is z(-81)?
61
Let r(p) = 742*p**2 - 16302*p - 447. What is r(22)?
37
Let z(v) = v**3 - 3*v**2 - 2460*v + 4914. Give z(2).
-10
Let i(d) = -216*d + 353. Determine i(10).
-1807
Let n(q) = 167*q**2 - 5847*q + 64. Give n(35).
-6
Let p(t) = -237*t + 12885. What is p(59)?
-1098
Let a(p) = 137*p**2 + 13833*p - 528. Determine a(-101).
-124
Let c(l) = 683*l - 19142. Calculate c(28).
-18
Let q(l) = 1468*l + 186436. What is q(-127)?
0
Let n(g) = -1030*g**2 - 1014*g + 18. Calculate n(-1).
2
Let x(a) = 14*a**2 - 469*a + 2981. What is x(6)?
671
Let h(w) = -18*w**2 + 261*w - 1031. Determine h(11).
-338
Let q(k) = -k**2 + 141*k + 4579. Determine q(-27).
43
Let j(s) = -10220*s + 194174. Give j(19).
-6
Let j(m) = 2166*m + 288137. Calculate j(-133).
59
Let h(w) = -116*w**3 - 9*w**2 - 50*w - 51. Determine h(-1).
106
Let n(q) = -7*q**2 - 515*q - 143. Give n(-73).
149
Let a(n) = 4934*n - 29610. Determine a(6).
-6
Let o(m) = -516*m - 2777. Calculate o(-8).
1351
Let l(m) = -6341*m - 50694. Calculate l(-8).
34
Let q(n) = n**2 - 1650*n - 18296. What is q(-11)?
-25
Let q(h) = 2*h**2 - 32*h - 427. Give q(-9).
23
Let g(s) = s**2 + 139*s - 54590. Calculate g(174).
-128
Let q(s) = s**3 - 23*s**2 - 353*s + 8331. Determine q(22).
81
Let u(b) = 2945*b - 15587. Calculate u(6).
2083
Let j(a) = 305*a + 1222. Calculate j(-5).
-303
Let k(j) = 8*j**2 + 150*j + 92. Calculate k(-19).
130
Let c(b) = -19*b**2 - 191*b + 248. What is c(-10)?
258
Let w(j) = 48020*j + 624264. Determine w(-13).
4
Let y(u) = 122*u**2 - 12*u - 1. Determine y(2).
463
Let c(x) = 542118*x + 542118. Give c(-1).
0
Let z(h) = -199*h**2 + 18959*h - 18961. What is z(1)?
-201
Let m(r) = 2*r**3 - 146*r**2 - 3689*r - 2877. What is m(93)?
6
Let x(f) = -f**3 + 130*f**2 + 4193*f + 7117. What is x(157)?
-105
Let q(l) = 134*l**2 - 367*l + 368. Calculate q(1).
135
Let t(n) = 12*n**3 + 8*n**2 + 16*n - 22. Calculate t(-4).
-726
Let w(m) = -4645*m - 41822. Give w(-9).
-17
Let b(y) = -3*y**2 + 78*y + 448. Give b(34).
-368
Let w(c) = -86*c**2 + 1213*c - 11. Determine w(14).
115
Let m(u) = -35*u**2 - 638*u - 79. Give m(-18).
65
Let m(c) = 18*c**2 + 793*c + 6286. Determine m(-34).
132
Let h(b) = 261*b**3 + 259*b**2 - 67*b - 65. Give h(-1).
0
Let d(u) = 26*u**2 + 1746*u + 5223. Give d(-3).
219
Let l(b) = b**3 + 12*b**2 + 194*b + 2309. Determine l(-12).
-19
Let i(l) = 4118*l - 1533. Determine i(-1).
-5651
Let a(w) = -w**3 + 169*w**2 - 610*w - 8034. Give a(165).
216
Let t(g) = 8*g**2 + 308*g + 1104. What is t(-4)?
0
Let x(k) = 2*k**2 - 730*k + 55215. Determine x(258).
3
Let x(c) = c**2 - 173*c + 7278. What is x(104)?
102
Let d(o) = 895*o + 192380. What is d(-215)?
-45
Let r(g) = -2*g**3 - 50*g**2 + 26*g - 680. Calculate r(-26).
-4
Let w(x) = 3*x**3 - 2*x**2 - 1171*x - 155. Give w(0).
-155
Let w(c) = 1188*c + 134248. Determine w(-113).
4
Let z(g) = -80325*g + 1445847. Give z(18).
-3
Let p(m) = -152891*m - 917338. Determine p(-6).
8
Let p(i) = 54*i**3 + 10*i**2 + 14*i. What is p(-2)?
-420
Let c(o) = -211*o + 20256. Give c(108).
-2532
Let y(b) = -139*b + 24855. Determine y(179).
-26
Let d(y) = 2599*y - 855068. What is d(329)?
3
Let x(f) = -30*f**3 - 240*f**2 + 63*f + 496. What is x(-8)?
-8
Let g(j) = 163*j - 120144. Determine g(737).
-13
Let i(g) = -2*g**2 + 97*g + 22480. Determine i(-84).
220
Let r(u) = -u**3 + 45*u**2 + 497*u + 18. Give r(54).
612
Let x(s) = -6*s**3 + 1566*s**2 - 2*s + 186. Calculate x(261).
-336
Let n(r) = -2*r**3 - 57*r**2 - 130*r - 81. Determine n(-2).
-33
Let y(o) = -82*o - 21433. Give y(-216).
-3721
Let x(f) = 330*f + 17267. Give x(-48).
1427
Let c(l) = 7*l**3 - 401*l**2 - 295*l + 17. Determine c(58).
-273
Let r(y) = -9*y**2 - 695*y + 3062. What is r(4)?
138
Let h(b) = -b**3 + 6*b**2 + 1441*b + 12378. Give h(-29).
24
Let c(q) = -48278*q**2 - 96559*q. Determine c(-2).
6
Let p(n) = n**2 + 5539*n - 3508860. What is p(574)?
2
Let k(v) = -93*v**3 - 2*v**2 + 39*v - 37. Determine k(1).
-93
Let v(y) = 3*y**3 + 252*y**2 + 14*y - 42. Calculate v(-84).
-1218
Let d(v) = -32*v**3 + 1695*v**2 + 69*v - 804. Determine d(53).
44
Let d(a) = 391392*a + 2739734. Calculate d(-7).
-10
Let x(r) = -19*r**2 - 2089*r + 490. Determine x(-110).
380
Let w(h) = -2*h**3 + 17*h**2 + 17*h + 31. Calculate w(-8).
2007
Let c(u) = 2*u**2 + 95*u + 210. What is c(-44)?
-98
Let j(c) = -305238*c - 610415. Calculate j(-2).
61
Let y(m) = -m**3 + 22*m**2 - 259*m + 42. Give y(15).
-2268
Let y(t) = -t**2 + 1191*t - 283070. Calculate y(863).
-6
Let q(f) = 10*f**2 + 902*f + 1862. Calculate q(-88).
-74
Let s(d) = -84*d**2 + 1828*d - 6838. Calculate s(17).
-38
Let d(y) = 29*y**3 + 97*y**2 - 1166*y - 682. Determine d(-8).
6
Let j(z) = -548*z + 458. Determine j(1).
-90
Let v(j) = 26*j**2 - 58*j + 120. What is v(2)?
108
Let g(i) = 6*i**2 + 1422*i + 17771. Determine g(-13).
299
Let f(p) = 183*p**2 - 8256*p + 952. Determine f(45).
7
Let i(a) = -5454*a + 14120. Give i(3).
-2242
Let z(c) = 10871*c. What is z(0)?
0
Let s(v) = -2*v**2 + 77060*v + 385352. Give s(-5).
2
Let s(r) = -3*r**3 - 154*r**2 + 104*r + 8011. Give s(-51).
106
Let c(o) = -98*o**3 + 2*o**2 - 47*o - 137. Calculate c(-3).
2668
Let v(i) = -39191*i + 548728. Determine v(14).
54
Let m(k) = 26*k**2 - 310*k + 31. Calculate m(12).
55
Let x(f) = 254*f - 10209. What is x(41)?
205
Let r(b) = 881*b + 82764. What is r(-94)?
-50
Let v(p) = p**3 + 20*p**2 + 97*p + 27. Give v(-18).
-1071
Let y(d) = -13498*d + 4238360. What is y(314)?
-12
Let x(l) = -3560*l + 113916. Calculate x(32).
-4
Let a(q) = 12*q**2 + 4086*q + 18117. Give a(-336).
-27
Let z(a) = -a**2 + 151*a - 4793. Give z(98).
401
Let n(j) = -25514*j - 1122595. Determine n(-44).
21
Let f(w) = -2*w**3 - 6*w**2 - 32*w + 137. What is f(6)?
-703
Let h(n) = -2*n**3 - 25*n**2 + 116*n + 1661. What is h(-13)?
322
Let p(f) = 6300*f + 82184. What is p(-13)?
284
Let d(s) = -4*s**3 - 1038*s**2 + 518*s - 523. What is d(-260)?
-3
Let n(p) = p**3 - 35*p**2 + 306*p. Give n(14).
168
Let l(f) = -3117*f - 12380. What is l(-4)?
88
Let h(n) = 16*n**2 - 40*n + 173. Give h(11).
1669
Let c(j) = j**2 + 443*j + 48176. Calculate c(-169).
1870
Let h(y) = 556*y - 99484. What is h(179)?
40
Let r(t) = -2*t**2 - 512*t - 28773. Determine r(-84).
123
Let m(s) = s**3 - 19*s**2 + 199*s - 565. Give m(4).
-9
Let r(p) = -694*p**2 + 66621*p + 138. Determine r(96).
-150
Let v(m) = 17422*m + 104540. Calculate v(-6).
8
Let q(f) = f**3 + 100*f**2 + 51*f + 1590. What is q(-100)?
-3510
Let y(i) = -i**3 - 26*i**2 + 100*i + 1254. What is y(-27)?
-717
Let l(w) = -10753*w + 225817. Calculate l(21).
4
Let j(l) = -391*l**2 - 3904*l + 61. Give j(-10).
1
Let l(h) = -2*h**2 + 120*h - 669. Give l(61).
-791
Let y(s) = s**2 - 147*s + 3002. What is y(25)?
-48
Let j(x) = -646*x + 2208. Determine j(4).
-376
Let p(b) = -409*b**2 - 3659*b - 10. Give p(-9).
-208
Let i(j) = -23468*j + 187759. Give i(8).
15
Let h(r) = 35387*r + 778510. What is h(-22)?
-4
Let g(u) = 614*u**3 + 151*u**2 - 3*u - 1. Determine g(-1).
-461
Let h(y) = 5702*y + 51084. What is h(-9)?
-234
Let y(t) = -2*t**2 - 260*t - 8194. What is y(-74)?
94
Let t(n) = 3*n**3 + 691*n**2 - 449*n + 3156. Determine t(-231).
153
Let b(n) = 14*n**2 - 31*n - 99. What is b(11)?
1254
Let b(x) = 72*x**2 -